e
Let d(g) be the third derivative of g**5/60 + g**4/12 + g**3/3 + 2*g**2. Is d(5) composite?
False
Let c(b) = 347*b - 5. Is c(2) a prime number?
False
Let s = 2 + 2. Is (1421/28)/(1/s) a composite number?
True
Let s(i) = -2*i + 1. Let z be s(1). Let g = z + 4. Is g composite?
False
Suppose 0 = 20*t - 15*t - 3955. Is t prime?
False
Is (32/(-32))/(1/(-797)) prime?
True
Let n be (-4)/12 + 1/3. Let d = n + 30. Let b = d - -5. Is b a composite number?
True
Suppose 0 = 23*h - 22*h - 2579. Is h prime?
True
Let y(p) = p**3 + 8*p**2 - p + 12. Let u be y(-9). Let c = u + 97. Is c composite?
False
Suppose -6*u = -2*u - 740. Is u composite?
True
Let c be 15/3 + -3 - -3. Suppose n = c*n - 172. Suppose -5*s = 2*d + n - 103, 0 = 2*d - s - 72. Is d prime?
False
Suppose -15*h = -6*h - 6309. Is h a composite number?
False
Suppose 3*r = 3*g - 486, 5*g - 3*r = -0*g + 812. Is g prime?
True
Let r = 412 - -229. Is r composite?
False
Suppose p + p = 74. Is p a composite number?
False
Suppose 3*t = -2 - 1. Is -1 + (-2*27)/t prime?
True
Let c be ((-6)/(-9))/(4/522). Let j = c - -32. Is j prime?
False
Let l(o) = -o**3 + 2*o**2 + 2*o - 1. Let q be l(2). Suppose -f + 40 = q*f. Is 126/f - (-2)/5 a prime number?
True
Let l be 0 - (-1 + 1) - 4. Let f(a) = 11*a**2 + 5 - a - a**3 - 2 - 14*a**2. Is f(l) a composite number?
False
Suppose 0 = 2*u - 0 - 24. Suppose -h + p = -16, 4*h - 3*p - u - 49 = 0. Is h a prime number?
True
Is -371*-2*4/8 composite?
True
Suppose 0 = 5*h - 9 + 29, 2*u - 3*h = 1738. Is u a composite number?
False
Let c(h) = -h**2 + 5*h + 3. Let a be c(5). Suppose -2*t - 3*m + 62 = 0, 101 = a*t - 3*m + 8. Let n = -18 + t. Is n composite?
False
Suppose -7 = -2*q - 3. Suppose q*z - 171 = -53. Is z a composite number?
False
Let o(d) = -3*d**2 - 4*d - 2. Let u be o(-4). Let a = -22 - u. Is (158/8)/(3/a) composite?
False
Suppose 10*y - 1855 = 5*y. Is y composite?
True
Suppose 2*j + 3*g = 1129, 0 - 5 = -g. Is j prime?
True
Suppose -m - 4168 = -5*u + u, 5197 = 5*u + 2*m. Is u a prime number?
False
Suppose -6 = -b + d, b + b - 3*d = 16. Suppose -5*m - 205 = -3*k, -3*m = b*k - 71 - 72. Suppose 2*i - 4*i = -k. Is i a prime number?
False
Let p be (5 + -12)*(-1 - 0). Let d = -11 + p. Is 76/d*(0 - 1) prime?
True
Let d be 106/(3*3/18). Suppose 6*l - 2*l - d = 0. Is l composite?
False
Let m(l) = 2*l**3 + 4*l**2 - 6*l - 7. Let z(a) = a**3 + 4*a**2 - 5*a - 6. Let q(c) = -3*m(c) + 4*z(c). Let r be q(3). Let i = 11 - r. Is i a prime number?
False
Suppose -8*o = o - 1953. Is o a prime number?
False
Let c(n) = -n**3 + 4*n**2 + 3*n + 1. Let y be c(5). Let a be (-217)/(-3) - 6/y. Suppose 0*x = -x - 1, 2*f - a = 3*x. Is f a prime number?
False
Let m be (-4)/18 - (-16)/(-9). Is (2 - 4)/(m/67) composite?
False
Suppose -2*r - 105 = -3*r - 2*d, 3*r = -2*d + 299. Is r a prime number?
True
Suppose -z + 4*s - 5 = -1, -4*z + 14 = -s. Let l = z + -2. Is (-87)/((-1 - l) + 2) a composite number?
True
Suppose -25 = -0*a + 5*a, 4*x - a = 7921. Is x a prime number?
True
Suppose -4*q = -q - 87. Suppose l = 6*l + 180. Let h = q - l. Is h a composite number?
True
Let x(j) = -j**3 - j**2 + 2*j - 97. Let y(v) = -v**2 + v - 1. Let b(t) = -x(t) + 2*y(t). Is b(0) a composite number?
True
Suppose -18*c = -15*c - 471. Is c prime?
True
Let q(r) = 88*r**2 + r. Suppose l + 3*f - 3 = 0, f + 3 = l + 4. Suppose 3*i - i + k + 3 = l, 0 = 5*i + 4*k + 15. Is q(i) a prime number?
True
Let c(n) = n**3 + 9*n**2 + 7*n - 2. Let z be c(-8). Is z/45 - (-2666)/30 a prime number?
True
Let m = 684 - 61. Is m a prime number?
False
Let t = 1180 - 29. Is t prime?
True
Let k(h) = h**2 - 9*h + 12. Let i be k(10). Suppose 0 = -4*j + 5*p + i, 0*j + 5*p = -2*j - 4. Suppose -2*f + 815 = j*f. Is f a prime number?
True
Let c be (3/(-6))/((-1)/(-4)). Is (0 - 57*c) + 1 a composite number?
True
Let m be (-1)/(1 + (-180)/182). Let z = m - -218. Let v = -90 + z. Is v a composite number?
False
Suppose -4*h + h = -4*z - 5, -5*h = -z + 20. Let v = z - -4. Is (10/8)/(v/(-8)) prime?
False
Let p be (-3)/(-9) - (-5)/3. Suppose p*w = 6*w - 1036. Is w a prime number?
False
Let v(z) = -z**3 + 5*z**2 + 2*z - 5. Suppose 5*s = 4*l, l + 2*l = -5*s. Suppose -2 = -2*k - s*j + 2*j, k - 7 = -j. Is v(k) prime?
True
Suppose 3*s - 3*x - 109 = x, 0 = -2*s + x + 71. Is s a prime number?
False
Let t = -120 + 154. Is t prime?
False
Let s = 382 - -137. Is (s + (-1)/1)/2 prime?
False
Let d(u) = u + 3. Let l be d(0). Suppose l*r = -5*c + 52, r = -0*r + 4*c + 23. Is r a composite number?
False
Let v(b) be the first derivative of 2*b**3/3 + b**2/2 + b - 1. Let h be v(3). Suppose -72 = -4*w + 3*k, w = 3*w - 5*k - h. Is w prime?
False
Suppose -6 = 4*u - 22. Suppose u*v = 3*v + 3. Suppose -40 = -4*f - s, v*f = -s - 11 + 40. Is f a prime number?
True
Suppose -2*v + 332 = -v. Let q = v - 169. Is q composite?
False
Suppose 4*j - 3*o = 2*o + 232, -3*j + 2*o + 167 = 0. Suppose -53 = -f + 4*t, -f + 0*t = t - j. Is f composite?
False
Let m(j) = j + 11. Let t be m(-11). Suppose 5*l + t*i - 4*i + 20 = 0, 20 = 4*l + 4*i. Suppose -o + 223 = -2*u - u, l = 2*o + u - 446. Is o prime?
True
Is ((-8612)/20)/((-2)/10) prime?
True
Suppose 0 = 5*a + 1 - 16. Suppose 0 = -j - a*j. Suppose 5*p + 0*p - 345 = j. Is p a composite number?
True
Let f(l) = 41*l**3 + 2*l**2 + 1. Is f(4) prime?
True
Suppose x - 96 = 3*x. Let r be ((-2)/2)/((-2)/(-194)). Let b = x - r. Is b a prime number?
False
Let u be ((-3)/2)/((-6)/8). Suppose -b = -u - 0. Let y(d) = 27*d - 3. Is y(b) composite?
True
Let b = 0 + 5. Let w(g) = -g. Let q(y) = 2*y - 2. Let p(r) = q(r) - 5*w(r). Is p(b) a prime number?
False
Let b = 193 - 34. Let y = b - 48. Is y composite?
True
Let v be (3/4)/(1/4). Let o(m) = -2 + 1 + m**3 - 3 + 0*m**3. Is o(v) a composite number?
False
Let b(y) = 16*y**2 + 2*y - 1. Is b(-5) prime?
True
Let d(r) = r**2 + 5*r + 15. Is d(-6) composite?
True
Suppose 4*x = -3*x + 5551. Is x a prime number?
False
Let a(b) = b**3 + 5*b**2 - 3*b - 8. Let m be a(-8). Let k = m + 303. Is k a prime number?
True
Let d be 28/3 - 2/6. Let k(y) = y - 5. Is k(d) a prime number?
False
Let v be (9/15)/(1/5). Let u = 0 + v. Suppose 0 = -u*b + 40 - 1. Is b a composite number?
False
Let h(o) = -1 + 4*o + 0*o**2 + 2*o**2 - 5*o**3 + 5. Let s(g) = -g - 3. Let q be s(0). Is h(q) prime?
False
Suppose 2*h - 488 = -2*d, 5*h + 0*d - 5*d - 1250 = 0. Let l = h - 88. Is l a prime number?
False
Suppose -5*m = 54 + 31. Let g be (-6 - -3)*m*1. Suppose 0*y = y - g. Is y prime?
False
Is (368 + 3)/(-5 + 6) a prime number?
False
Suppose 0 = -5*a - w + 8693, 0 = 4*a - 5*w - 7252 + 286. Is a a prime number?
False
Suppose 10900 = 5*p + 1785. Is p a prime number?
True
Let o = -14 + 14. Suppose 1055 = 5*p - o*p. Is p prime?
True
Suppose 4*c = 2*c. Suppose 2*y = 2*x - 22, -5*x + c*x + 39 = 3*y. Is x prime?
False
Let f be 8/(-2)*(-22)/(-4). Let k be (-70)/f - 2/11. Suppose -b + 60 = k*b. Is b prime?
False
Let b = -9 + 12. Suppose 24 + 882 = b*c. Is c prime?
False
Is (1 - 2)/((12/771)/(-4)) a prime number?
True
Let m be (-72)/(-16) + 2/(-4). Suppose -m*l = -0*l - 16. Suppose -l*w + 106 = -474. Is w a prime number?
False
Let h be -5 + 6 + -1 + 5. Suppose -h*m + 10 = -175. Is m prime?
True
Suppose j + 2 - 1 = -3*o, 3*o = -6. Suppose -2*k - j*q + 73 = -4*q, -5*q - 153 = -4*k. Is k a prime number?
True
Let q(m) = m**3 + 6*m**2 + 4*m - 4. Let b be q(-5). Suppose -b + 31 = 5*u - 5*d, 0 = u + d - 16. Is u prime?
True
Suppose -4*c - w + 2720 = 0, -5*c = 4*w - 1844 - 1567. Is c composite?
True
Let u(q) be the second derivative of -q**5/20 + q**4/4 + 5*q**3/6 + q**2 + 5*q. Is u(4) composite?
True
Let s = 3190 - 2237. Is s prime?
True
Let x(i) = 20*i - 1. Let b(j) = -80*j + 5. Let v(t) = -2*b(t) - 9*x(t). Let a be v(5). Let h = a - -160. Is h a composite number?
False
Let u(t) = -t**3 - 13*t**2 - 13*t - 12. Let x be u(-12). Let w = x + 51. Is w a composite number?
True
Let v be 186/10 + 3/(-5). Let k = v + 61. Is k a prime number?
True
Let j(w) = 41*w**2 - 5. Is j(2) composite?
True
Suppose -2*c - 5*r + 47 + 849 = 0, -c = 2*r - 447. Is c prime?
True
Suppose 20 + 248 = 4*j. Is j composite?
False
Suppose 5*l - 11 = 4*n, 3*l - 5*n - 10 = -2*l. Is 178*(0 - l/(-6)) a composite number?
False
Is (-2)/(-9) - (-43810)/90 a composite number?
False
Let l = -2008 + 3423. Is l a prime n